 214990 is divided by 8384.
5390
Calculate the remainder when 780855 is divided by 86698.
573
What is the remainder when 138210633 is divided by 16?
9
Calculate the remainder when 23345803 is divided by 23345802.
1
What is the remainder when 11108111 is divided by 30185?
31
What is the remainder when 597401 is divided by 50?
1
What is the remainder when 4810992 is divided by 469?
459
Calculate the remainder when 13646 is divided by 1706.
1704
Calculate the remainder when 5270967 is divided by 658857.
111
Calculate the remainder when 12859322 is divided by 1070.
62
Calculate the remainder when 8065813 is divided by 136708.
41
Calculate the remainder when 5341225 is divided by 274.
143
What is the remainder when 116930 is divided by 3281?
2095
Calculate the remainder when 21327958 is divided by 3554659.
4
What is the remainder when 86016 is divided by 98?
70
What is the remainder when 18241177 is divided by 214?
31
Calculate the remainder when 18483 is divided by 2255.
443
Calculate the remainder when 7002632 is divided by 27.
20
Calculate the remainder when 966521 is divided by 16378.
219
What is the remainder when 251474 is divided by 251255?
219
What is the remainder when 206414 is divided by 347?
296
What is the remainder when 63330 is divided by 175?
155
What is the remainder when 65068 is divided by 484?
212
Calculate the remainder when 14280357 is divided by 3247.
51
Calculate the remainder when 35730694 is divided by 896.
6
What is the remainder when 969805 is divided by 193945?
80
What is the remainder when 4054833 is divided by 21918?
3
What is the remainder when 42345 is divided by 41979?
366
Calculate the remainder when 28435 is divided by 305.
70
Calculate the remainder when 3380834 is divided by 870.
14
Calculate the remainder when 6920 is divided by 6679.
241
What is the remainder when 5317548 is divided by 323?
322
What is the remainder when 12942029 is divided by 112?
93
What is the remainder when 1489044 is divided by 2630?
464
What is the remainder when 1800395 is divided by 600125?
20
Calculate the remainder when 4360171 is divided by 441.
4
What is the remainder when 15766805 is divided by 563097?
89
Calculate the remainder when 3270299 is divided by 11.
10
What is the remainder when 54395447 is divided by 528111?
14
Calculate the remainder when 34993 is divided by 1912.
577
Calculate the remainder when 431488 is divided by 5323.
325
What is the remainder when 258321 is divided by 128858?
605
What is the remainder when 783116 is divided by 260953?
257
Calculate the remainder when 46250 is divided by 15153.
791
Calculate the remainder when 80376958 is divided by 30.
28
What is the remainder when 3487721 is divided by 1809?
1778
What is the remainder when 8231117 is divided by 50809?
59
What is the remainder when 40630364 is divided by 39?
8
What is the remainder when 1567765 is divided by 522460?
385
What is the remainder when 20793011 is divided by 756?
743
Calculate the remainder when 7988803 is divided by 499294.
99
Calculate the remainder when 586834 is divided by 41763.
2152
Calculate the remainder when 21119294 is divided by 240.
14
What is the remainder when 2156079505 is divided by 5588?
5585
Calculate the remainder when 55507 is divided by 9198.
319
Calculate the remainder when 39215855 is divided by 694.
691
What is the remainder when 6350423 is divided by 21?
2
What is the remainder when 7570010 is divided by 1081429?
7
What is the remainder when 22930 is divided by 1290?
1000
Calculate the remainder when 273222 is divided by 272117.
1105
What is the remainder when 2883970 is divided by 855?
55
What is the remainder when 146285 is divided by 17759?
4213
What is the remainder when 7494112 is divided by 30?
22
What is the remainder when 16923941 is divided by 238?
237
Calculate the remainder when 259275 is divided by 14390.
255
Calculate the remainder when 10127104 is divided by 5159.
5146
Calculate the remainder when 749409 is divided by 369.
339
What is the remainder when 374536 is divided by 775?
211
Calculate the remainder when 2574210 is divided by 68.
2
Calculate the remainder when 8127773 is divided by 8127710.
63
Calculate the remainder when 10416606 is divided by 5320.
46
What is the remainder when 30915 is divided by 3823?
331
Calculate the remainder when 443025 is divided by 25955.
1790
Calculate the remainder when 11899454 is divided by 1119.
8
Calculate the remainder when 24091303 is divided by 582.
577
What is the remainder when 5608014 is divided by 8?
6
What is the remainder when 83291 is divided by 2275?
1391
Calculate the remainder when 15784 is divided by 14673.
1111
Calculate the remainder when 24433191 is divided by 6108274.
95
What is the remainder when 23860867 is divided by 23?
0
What is the remainder when 9901 is divided by 1849?
656
Calculate the remainder when 507842 is divided by 785.
732
Calculate the remainder when 210022 is divided by 210012.
10
Calculate the remainder when 47707373 is divided by 113860.
33
What is the remainder when 469198 is divided by 173?
22
Calculate the remainder when 357319 is divided by 178650.
19
What is the remainder when 34532 is divided by 1520?
1092
What is the remainder when 4064 is divided by 3959?
105
Calculate the remainder when 62950507 is divided by 7.
4
What is the remainder when 251444 is divided by 274?
186
What is the remainder when 3905250 is divided by 1417?
1415
What is the remainder when 64795984 is divided by 39899?
8
What is the remainder when 118632 is divided by 422?
50
What is the remainder when 2027222 is divided by 645?
632
What is the remainder when 283681 is divided by 48?
1
Calculate the remainder when 45782723 is divided by 545.
543
Calculate the remainder when 4151707 is divided by 3764.
15
What is the remainder when 1129930 is divided by 391?
331
Calculate the remainder when 1570642 is divided by 936.
34
What is the remainder when 58756 is divided by 2656?
324
What is the remainder when 2255171 is divided by 187924?
83
Calculate the remainder when 13118598 is divided by 356.
354
Calculate the remainder when 27190867 is divided by 6191.
6186
What is the remainder when 858334 is divided by 4030?
3974
Calculate the remainder when 275383 is divided by 904.
567
Calculate the remainder when 2287408 is divided by 65.
58
What is the remainder when 535178485 is divided by 58?
15
Calculate the remainder when 73035 is divided by 35633.
1769
What is the remainder when 9921 is divided by 1382?
247
Calculate the remainder when 347882 is divided by 2999.
2997
What is the remainder when 17003798 is divided by 27?
8
What is the remainder when 649860 is divided by 5586?
1884
Calculate the remainder when 1811968 is divided by 1938.
1876
What is the remainder when 62476 is divided by 3282?
118
Calculate the remainder when 1591200 is divided by 7877.
46
What is the remainder when 252457926 is divided by 3678?
6
Calculate the remainder when 362279756 is divided by 752.
748
Calculate the remainder when 2097079 is divided by 53.
28
Calculate the remainder when 6113911 is divided by 1167.
1165
Calculate the remainder when 470733 is divided by 144.
141
What is the remainder when 452194 is divided by 4521?
94
What is the remainder when 1788546 is divided by 649?
551
Calculate the remainder when 5203 is divided by 518.
23
What is the remainder when 24493 is divided by 251?
146
What is the remainder when 872855 is divided by 67122?
269
Calculate the remainder when 222271 is divided by 14.
7
What is the remainder when 10658556 is divided by 988?
12
Calculate the remainder when 18081 is divided by 820.
41
What is the remainder when 201926901 is divided by 3959351?
0
Calculate the remainder when 27051890 is divided by 13525944.
2
What is the remainder when 4882822 is divided by 326?
320
Calculate the remainder when 463374997 is divided by 7414.
7411
What is the remainder when 65852 is divided by 4960?
1372
Calculate the remainder when 344325 is divided by 1144.
1125
What is the remainder when 731034800 is divided by 81?
80
Calculate the remainder when 693660 is divided by 500.
160
Calculate the remainder when 1493110 is divided by 412.
22
Calculate the remainder when 1120290 is divided by 2747.
2261
What is the remainder when 73227688 is divided by 24?
16
W